 m?
1
Let l = -11 + 11. Suppose -2*c = -l*c - h - 7, -4*h - 1 = c. What is the units digit of c?
3
What is the tens digit of ((-7)/(-21))/(1/255)?
8
Let q be -5 + -1 - (-4 + 6). Let m = -2 - q. What is the units digit of m?
6
Let s = 5 + 1. Let j be s/((-1)/4*-6). Suppose j*a = q + 9, 0 = a - 5*q + 2 + 10. What is the units digit of a?
3
What is the units digit of 3/(((-24)/460)/((-2)/5))?
3
Let c be 30/(-3)*(1 + -2). Suppose -2*f + 4*f - c = 2*v, 0 = 2*f - 4. Let g = v + 5. What is the units digit of g?
2
Let r(w) = 5*w**3 + w**2 + 2*w + 1. Let x be r(-1). Let p(o) = -7*o - 6. What is the tens digit of p(x)?
2
Let r(j) = j - 6. Let i = 6 + 0. Let v be r(i). Suppose 6 = g - v. What is the units digit of g?
6
Let r(l) = -5*l**3 + l**2 + 2*l + 1. Let z be r(-1). Suppose -m - 9 = -2*b, 4*b = b - z*m - 6. What is the units digit of b?
3
What is the tens digit of 75/125 - 494/(-10)?
5
Let m(u) = -3*u. Let n be m(-3). Let c = n + -6. Suppose -5*l + c*r = -2 - 53, -4*l - r = -27. What is the units digit of l?
8
Suppose m - 163 = -106. What is the tens digit of m?
5
Let w(p) = p**3 - 19*p**2 + 19*p - 16. What is the units digit of w(18)?
2
Let u(f) = 4*f + 16. What is the units digit of u(5)?
6
Suppose 10 = 5*r - r + 2*l, 2*l = 3*r + 10. Let u be -2 + r + 1*10. Let y = 19 - u. What is the units digit of y?
1
Let z(k) = -k - 1. Let p be z(-5). Let s = p + -8. Let g(i) = -4*i - 6. What is the units digit of g(s)?
0
Suppose m - 13 = -u, -3*u - 19 + 56 = m. Suppose u = -4*s - 0. Let l = -1 - s. What is the units digit of l?
2
Suppose -p = p - 4. Let x = 2 - p. Suppose o - 6 - 5 = x. What is the units digit of o?
1
Suppose 5*r - 16 - 9 = 0. Suppose 2*d + 2*d + r*u = -97, -5*d = 5*u + 115. What is the tens digit of 2/9 + (-176)/d?
1
Let n(w) = 2*w**2 + w**2 - 4*w**2. Let d be n(0). Let u(r) = r + 15. What is the tens digit of u(d)?
1
Let r(s) = s + 12. Let j be r(-9). Suppose j*v - 2*p = 24, 0 = -4*v - 0*p - 2*p + 46. What is the tens digit of v?
1
Suppose 0*z - 4*z = t + 2, -19 = 3*t - z. Let u be (-12)/(-8)*4/t. What is the tens digit of 22/2*u/(-1)?
1
Suppose 0 = -w - 4*c + 11, 5*w + 4 = -2*c - 13. Let b = -37 - -25. Let f = w - b. What is the units digit of f?
7
Let a(p) = 5*p + 8. Let l(u) be the first derivative of -2*u**2 - 9*u + 1. Let x(y) = -3*a(y) - 4*l(y). What is the units digit of x(-5)?
7
Let j = -94 + 163. What is the units digit of j?
9
Let v be 5 - (2 - (2 + -2)). Suppose -5*i + 2*o + 83 = -o, -i + v*o = -19. What is the units digit of i?
6
Let q be 15/(-6)*(-12)/5. Suppose q*c - 5 = 1. What is the units digit of c?
1
Suppose 5*m + 0*m - 40 = 0. What is the units digit of m?
8
Let k(h) = -13*h**3 + 2*h**2 + 2*h + 5. What is the hundreds digit of k(-2)?
1
Let g be (-18)/(-8)*(-16)/(-6). Let t(l) = l - 4. Let v be t(g). Suppose -v*r - 5 = -h, -2*h - 2*h - 4*r = -20. What is the units digit of h?
5
Let x be (3/(-2))/((-12)/(-16)). Let d(p) be the third derivative of -p**4/12 + p**3/6 - p**2. What is the units digit of d(x)?
5
Let r(p) = p - 5. Let d be r(10). Suppose 0 = -5*o - 3*s + 66, -2*o - d*s = -6*o + 38. What is the units digit of o?
2
Let h(m) = m + 5 - 8 + 8 + 13. Let q be h(0). Suppose 0*n - 2*x = n - q, x = -2*n + 24. What is the tens digit of n?
1
Let v(j) = j**3 - 6*j**2 + 4*j + 6. Suppose 5*l = 24 + 1. What is the units digit of v(l)?
1
Let j(v) = v**2 + 0*v + v**2 + v + 2. Let n be j(-2). Suppose 4*h - n = 2*h. What is the units digit of h?
4
Let i be 46/6 + 4/12. Suppose 0*r - 2*r = -i. Suppose 3*j + 4*l - 30 = 0, -58 = -10*j + 5*j - r*l. What is the tens digit of j?
1
Let m be ((-8)/12)/(2/(-36)). Suppose 2 = -x + m. What is the units digit of x?
0
Let v(z) = z**3 + 10*z**2 - 10*z + 14. Let y be v(-11). Let x be 3/9 - (-31)/(-3). What is the units digit of (-30)/25*x/y?
4
What is the units digit of ((-33)/22)/(1/(-12))?
8
Let p = -163 - -311. Suppose -2*h - 3*w + 32 = -h, -3*h + 4*w + p = 0. What is the tens digit of h?
4
Let o(r) = -2*r. Let a(x) = x**3 + 6*x**2 - 2*x - 8. Let d be a(-6). Let w be o(d). Let k = 19 + w. What is the tens digit of k?
1
Let p = 3 + -8. Let x(d) = -d**2 - 6*d - 7. Let r be x(p). What is the units digit of r/6 - 16/(-12)?
1
Suppose -4*t - t = -c + 21, -4*t - 5*c = 40. Let l = t - -8. What is the units digit of l?
3
Let w(v) = v**2 - 10*v + 14. Let g be w(10). Let u = g + -6. What is the units digit of u?
8
What is the hundreds digit of (9 + -8)/(3/762)?
2
Let a be (-2)/(-5)*135*1. Suppose -3*z + 51 = 6*w - 4*w, -3*z - w = -a. Let p = z + -4. What is the units digit of p?
5
Suppose 0*j - 5*f + 180 = 5*j, -f = 0. Let g = 21 - j. What is the units digit of ((-18)/g)/((-2)/(-10))?
6
Suppose 0 = 2*t - 9*t. Suppose -25 = -5*w - 5*u, 0 = 2*w - t*u + 5*u - 22. What is the units digit of w?
1
Let q(l) = 6*l + 1. Let t be (-1 - -1)/2 - -1. Let d be q(t). Suppose -u = f + 4*u - 15, -f - u = -d. What is the units digit of f?
5
Let z = 208 - 134. What is the units digit of (3 - 0) + z/2?
0
Suppose b = 2*g - 10, 5*b = -3*g + 2*b + 24. What is the units digit of g?
6
What is the tens digit of (146/8*4)/1?
7
Suppose 5*c = -25, 5*z - 4*c - 51 + 16 = 0. Suppose -z*t - 4 = -79. What is the units digit of t?
5
Let w = 9 - 30. Let h = w + 30. What is the units digit of h?
9
Let q(z) = -z**2 - 23*z - 41. What is the tens digit of q(-15)?
7
Let n be (-4)/(-14) + 15/21. What is the units digit of n/(-4)*-3*12?
9
Let n(w) = 153*w + 1. Let x be n(1). Let h(u) = u**3 - 4*u**2 + 1. Let a be h(3). What is the units digit of (-5)/20 - x/a?
9
Let u = 103 - 38. What is the units digit of u?
5
Let o = 281 - -66. What is the units digit of o?
7
Let v(i) = i**2 + i. Let m(g) = 2*g**3 - 6*g**2 - 7*g. Let t(r) = m(r) + 6*v(r). Let j be t(2). Let n = -7 + j. What is the units digit of n?
7
Let y(a) = -a**3 - 6*a**2 - 6*a - 1. Let s be y(-5). Suppose 3*d - 2*d + 11 = -4*f, 0 = -s*d - 4*f - 8. What is the tens digit of (-2)/(((-6)/63)/d)?
2
Suppose 8*x - 7*x - 4 = 0. What is the units digit of x?
4
Let y = -17 + 29. What is the units digit of y?
2
Let x(n) = -2 + n + 2*n + 4 + 0*n. What is the units digit of x(3)?
1
Let s = -18 - -6. Let p = s - -31. What is the tens digit of p?
1
Let n be -16 + 0 + 1 - 0. What is the units digit of 9/n - 106/(-10)?
0
Let x(m) = 4*m - 13. What is the units digit of x(6)?
1
Suppose -1 = h, 4*i - 22 + 5 = 5*h. Suppose 2*t = 3*z + 21, -5*z + 21 = i*t - 6*z. What is the units digit of t?
6
Suppose 714 = -14*h + 3178. What is the units digit of h?
6
What is the tens digit of ((-31)/(-2))/((-4)/(-8))?
3
Suppose -5*w - 13 + 38 = 0. Let r = 2 - -5. Suppose 42 = 3*s - t, r*t - 2*t = -w*s + 70. What is the tens digit of s?
1
Let k(b) = -b**2 + 8*b + 19. What is the tens digit of k(8)?
1
What is the tens digit of (-3 + 0)*1368/(-27)?
5
Suppose -5 = -4*l - 89. Let t = l + 42. Suppose -6 = 3*a - t. What is the units digit of a?
5
Let n = 7 - 14. Let c = 29 + n. What is the tens digit of c?
2
Let l be (-12)/(-9) - 2/(-3). Let t be (-2)/(-2) - (-6)/3. Suppose 40 = t*u + l*u. What is the units digit of u?
8
What is the tens digit of (-64)/(-6)*(-5 + -2 - -25)?
9
Suppose -2*y + 3*y = 130. What is the tens digit of y?
3
Suppose 7*s - 4*s - 4*m = -38, 0 = -5*m + 25. Let w be 4/2*s/(-4). Suppose -4*o - j = 1, 5*o + w*j + 15 = -j. What is the units digit of o?
1
What is the tens digit of 50*6/8*40/6?
5
Let v = 7 - 4. Suppose 3*k = 2*h - 14 - 1, -4*h = 3*k - v. Let r = 4 + k. What is the units digit of r?
1
Let l = -4 - -2. What is the units digit of 3*1*(5 + l)?
9
Let y(l) = 17*l**2 + 2*l - 2. What is the tens digit of y(1)?
1
Suppose -2*y - 23 = -57. What is the units digit of y?
7
Let g be 84/3*(-3 - -4). Suppose 0 = 6*l - 7*l + g. What is the units digit of l?
8
Let t(j) = j**3 + 6*j**2 + 6*j + 5. Let y be t(-5). Suppose y = -a - 0*b - b + 19, -4*b - 140 = -5*a. What is the tens digit of a?
2
Let h(a) be the first derivative of -4*a**3/3 + a**2/2 + 2*a + 3. Let b(z) be the first derivative of h(z). What is the units digit of b(-1)?
9
Let z = -36 - -60. What is the units digit of z?
4
Let a(z) = 6*z**2 + 20*z - 20. Let s(q) = q**2 + 4*q - 4. Let c(o) = 2*a(o) - 11*s(o). Let l be c(3). What is the units digit of l/2*32/2?
8
What is the units digit of (-12)/8*4/(-3)?
2
Let t(x) = 2*x**2 - 3*x - 1. Let d = 2 - -10. Supp